2, 3, 1229
What are the prime factors of 9698338?
2, 13, 113, 3301
What are the prime factors of 1926790?
2, 5, 19, 10141
What are the prime factors of 34467726?
2, 3, 5744621
List the prime factors of 4309663.
439, 9817
What are the prime factors of 221228?
2, 7, 7901
List the prime factors of 9400.
2, 5, 47
List the prime factors of 489994.
2, 244997
List the prime factors of 17361.
3, 643
List the prime factors of 1209035.
5, 241807
List the prime factors of 8779092.
2, 3, 7, 104513
List the prime factors of 11167332.
2, 3, 11, 7691
List the prime factors of 465696.
2, 3, 7, 11
What are the prime factors of 2321906?
2, 1160953
List the prime factors of 3090677.
1181, 2617
What are the prime factors of 1890872?
2, 71, 3329
List the prime factors of 834579.
3, 47, 1973
What are the prime factors of 5771068?
2, 23, 149, 421
List the prime factors of 638391.
3, 13, 16369
List the prime factors of 1542895.
5, 19, 109, 149
List the prime factors of 33597.
3, 3733
What are the prime factors of 3393188?
2, 848297
What are the prime factors of 6321?
3, 7, 43
What are the prime factors of 4140628?
2, 179, 5783
What are the prime factors of 1218298?
2, 609149
What are the prime factors of 4290933?
3, 53, 26987
List the prime factors of 745803.
3, 173, 479
List the prime factors of 7515199.
7515199
List the prime factors of 2681677.
661, 4057
List the prime factors of 141700.
2, 5, 13, 109
List the prime factors of 1743670.
2, 5, 174367
What are the prime factors of 23238?
2, 3, 1291
List the prime factors of 707137.
829, 853
What are the prime factors of 27399215?
5, 389, 14087
What are the prime factors of 10700828?
2, 31, 86297
List the prime factors of 182792.
2, 73, 313
List the prime factors of 2229273.
3, 247697
List the prime factors of 160947.
3, 1987
What are the prime factors of 350794?
2, 43, 4079
List the prime factors of 3521555.
5, 19, 1951
List the prime factors of 3540979.
13, 272383
What are the prime factors of 6374181?
3, 11, 233, 829
List the prime factors of 19922981.
13, 103, 14879
What are the prime factors of 204889?
331, 619
List the prime factors of 732802.
2, 7, 17, 3079
List the prime factors of 132212.
2, 33053
List the prime factors of 1087486.
2, 23, 47, 503
List the prime factors of 3070223.
13, 37, 491
List the prime factors of 359867.
43, 8369
What are the prime factors of 348959?
13, 17, 1579
List the prime factors of 453864.
2, 3, 18911
What are the prime factors of 148130?
2, 5, 14813
List the prime factors of 4473114.
2, 3, 31, 24049
List the prime factors of 908215.
5, 7, 11, 337
List the prime factors of 7302650.
2, 5, 19, 7687
What are the prime factors of 7910666?
2, 23, 7477
What are the prime factors of 1668970?
2, 5, 47, 53, 67
List the prime factors of 1043669.
11, 79, 1201
What are the prime factors of 741769?
7, 105967
List the prime factors of 3662027.
1877, 1951
What are the prime factors of 7701134?
2, 7, 78583
List the prime factors of 352149.
3, 7, 41, 409
List the prime factors of 1166546.
2, 583273
List the prime factors of 486783.
3, 11, 149
List the prime factors of 83691.
3, 17, 547
List the prime factors of 706363.
7, 19, 47, 113
List the prime factors of 519310.
2, 5, 11, 4721
List the prime factors of 233699.
17, 59, 233
List the prime factors of 7484102.
2, 3742051
List the prime factors of 2092914.
2, 3, 116273
What are the prime factors of 8454673?
8454673
List the prime factors of 14762.
2, 11, 61
List the prime factors of 6863559.
3, 883, 2591
List the prime factors of 200480.
2, 5, 7, 179
List the prime factors of 18641497.
7, 113, 23567
List the prime factors of 675797.
675797
What are the prime factors of 9278169?
3, 3092723
What are the prime factors of 251518?
2, 67, 1877
List the prime factors of 4880156.
2, 17, 43, 1669
What are the prime factors of 1595763?
3, 13, 23, 593
List the prime factors of 541262.
2, 270631
What are the prime factors of 751925?
5, 19, 1583
List the prime factors of 1607015.
5, 321403
List the prime factors of 101919.
3, 53, 641
List the prime factors of 2896637.
2896637
What are the prime factors of 62265?
3, 5, 7, 593
What are the prime factors of 123810?
2, 3, 5, 4127
List the prime factors of 729037.
729037
What are the prime factors of 6736369?
17, 47, 8431
What are the prime factors of 1203794?
2, 601897
What are the prime factors of 630227?
13, 48479
List the prime factors of 25371239.
59, 487, 883
What are the prime factors of 11637753?
3, 1103, 3517
List the prime factors of 14841458.
2, 7420729
What are the prime factors of 4067262?
2, 3, 31, 37, 197
List the prime factors of 4521413.
13, 347801
List the prime factors of 44098.
2, 17, 1297
What are the prime factors of 7574983?
13, 582691
What are the prime factors of 197487?
3, 21943
What are the prime factors of 2068517?
11, 47, 4001
What are the prime factors of 1255800?
2, 3, 5, 7, 13, 23
What are the prime factors of 20438?
2, 11, 929
List the prime factors of 2897213.
11, 263383
What are the prime factors of 380496?
2, 3, 7927
What are the prime factors of 20111272?
2, 17, 19, 43, 181
What are the prime factors of 6202157?
13, 23, 20743
What are the prime factors of 201263?
17, 11839
What are the prime factors of 1016472?
2, 3, 41, 1033
What are the prime factors of 47441?
47441
What are the prime factors of 404030?
2, 5, 11, 3673
What are the prime factors of 2689483?
2689483
List the prime factors of 481027.
31, 59, 263
List the prime factors of 962981.
131, 7351
List the prime factors of 2995865.
5, 23, 109, 239
What are the prime factors of 12486249?
3, 19, 73019
What are the prime factors of 14902273?
181, 281, 293
List the prime factors of 231122.
2, 115561
What are the prime factors of 526184?
2, 17, 53, 73
What are the prime factors of 48185?
5, 23, 419
What are the prime factors of 4406142?
2, 3, 13, 56489
List the prime factors of 21330615.
3, 5, 263, 5407
List the prime factors of 202472.
2, 25309
List the prime factors of 2090075.
5, 13, 59, 109
What are the prime factors of 5684833?
7, 11, 53, 199
List the prime factors of 6234582.
2, 3, 109, 9533
List the prime factors of 7904976.
2, 3, 37, 4451
List the prime factors of 1583525.
5, 97, 653
What are the prime factors of 17793512?
2, 11, 241, 839
What are the prime factors of 495863?
347, 1429
What are the prime factors of 9094636?
2, 2273659
List the prime factors of 752112.
2, 3, 1741
What are the prime factors of 3269088?
2, 3, 11351
What are the prime factors of 627613?
7, 89659
List the prime factors of 29282704.
2, 11, 17, 9787
List the prime factors of 3663440.
2, 5, 11, 23, 181
What are the prime factors of 24451888?
2, 1528243
What are the prime factors of 255483?
3, 28387
What are the prime factors of 3709722?
2, 3, 618287
List the prime factors of 1567125.
3, 5, 7, 199
What are the prime factors of 4344759?
3, 53639
What are the prime factors of 11818971?
3, 1313219
What are the prime factors of 11778783?
3, 23, 170707
What are the prime factors of 9987432?
2, 3, 7, 13, 17, 269
List the prime factors of 14426077.
103, 227, 617
What are the prime factors of 5656208?
2, 337, 1049
List the prime factors of 173431.
173431
What are the prime factors of 7834410?
2, 3, 5, 87049
List the prime factors of 146768.
2, 9173
List the prime factors of 2199701.
7, 314243
What are the prime factors of 308266?
2, 7, 97, 227
What are the prime factors of 87668?
2, 7, 31, 101
List the prime factors of 460519.
229, 2011
List the prime factors of 2657660.
2, 5, 83, 1601
What are the prime factors of 565452?
2, 3, 113, 139
List the prime factors of 444026.
2, 11, 20183
What are the prime factors of 5245732?
2, 1311433
What are the prime factors of 270685?
5, 43, 1259
What are the prime factors of 498729?
3, 7, 11, 17, 127
List the prime factors of 1113550.
2, 5, 22271
What are the prime factors of 1371892?
2, 67, 5119
List the prime factors of 605735.
5, 13, 9319
What are the prime factors of 155765?
5, 31153
What are the prime factors of 907643?
11, 109, 757
List the prime factors of 141941.
141941
What are the prime factors of 865709?
13, 66593
List the prime factors of 2912322.
2, 3, 7, 69341
List the prime factors of 320189.
29, 61, 181
What are the prime factors of 506439?
3, 18757
What are the prime factors of 874759?
23, 73, 